2*v + 533 = o. Is o a composite number?
True
Let f = 326 - 329. Is (2/f*-1)/(4/105942) a prime number?
True
Let v(u) = 739*u - 1. Suppose 2*a - 4 - 2 = 2*o, 0 = o + 2. Let t be v(a). Suppose -4*g - t = -2*f, -5*g + 1541 = 4*f - 0*g. Is f composite?
False
Let y be (3*70/(-15))/((-12)/6). Suppose y*q - 4*q - 15 = 0, h = -4*q + 4411. Is h a prime number?
True
Let d(h) = h**2 + 16*h - 1. Let q be d(-18). Suppose -q = -4*f - 107. Is (-7150)/f + -5 + 86/18 a composite number?
False
Let n = 925 - 923. Let g(a) = 6*a**2 + 4*a - 7. Let x be g(-6). Suppose 5*t + n*m - x = 0, -68 = -2*t + m - 3*m. Is t composite?
True
Is (-1)/(36/(-1605540)*2/6) composite?
True
Suppose 153258 = 4*d - 4*s - 92466, -6 = -3*s. Is d composite?
True
Is (27 - 8) + -24 + 51054 prime?
False
Is -9 - (-2878790 + -9)/11 - (4 - 1) composite?
False
Suppose 0 = -4*p - 10*p - 62132. Let q = -531 - p. Is q a composite number?
False
Let s(t) be the third derivative of -1/120*t**6 + 0 + t**3 + 2*t**2 - t**4 + 0*t - 4/15*t**5. Is s(-17) a prime number?
False
Let n(d) = 8 - 10 + d + 0*d + 12. Let m be n(-13). Is 744/(0 + 6) - (m - 0) composite?
False
Let n = -116 + 116. Let d(i) = -4*i**3 + i**2 + 2*i + 337. Is d(n) a composite number?
False
Let k(c) = 11995*c**2 - 20*c + c**3 - 12004*c**2 - 13*c - 4. Is k(27) prime?
True
Is -8 + 20 - (1 - 375783) a prime number?
False
Is 242829/(16 - 25)*-3*4/12 a prime number?
True
Suppose 19295506 = 262*z + 4602284. Is z a composite number?
False
Let n be 27 + (1 - -3) + -1. Suppose -21*a = -16*a - n. Suppose -a*q - 1655 = -11*q. Is q prime?
True
Let r(t) = 191*t - 10. Let l(i) = 190*i - 11. Suppose 8 = 2*u, 4*a = 3*u + u + 8. Let k(j) = a*r(j) - 5*l(j). Is k(9) composite?
False
Suppose 4*h = 3*p + 901819, -2*p + 375328 = 4*h - 526466. Is h a prime number?
False
Let o(v) = -v**2 + v - 1. Let s(t) = -t**3 - 10*t**2 + 12*t - 2. Let w(i) = 6*o(i) - s(i). Let x be w(-5). Is (-1)/(-1)*1567*x composite?
False
Let i = -190 + 180. Let h(q) = 27*q**2 - 11*q + 33. Is h(i) a composite number?
False
Suppose 4*u - 20 = 56. Let y(i) = i**2 - 19*i + 11. Let p be y(u). Suppose -p*t + 5*t + 3846 = 0. Is t a prime number?
True
Let c = 338007 + -199630. Is c a prime number?
False
Let g(q) = 1052*q - 110. Let u be g(-5). Is (u/25)/((-4)/10) composite?
True
Suppose 2*q = s - 3 + 7, -q + 5*s = -2. Suppose 0 = 3*f - q*p - 3*p - 5521, 0 = -f + 4*p + 1831. Is f a composite number?
False
Let k be 1 + (14/4)/(7/(-70)). Is k/442 - 159616/(-26) composite?
True
Let x = 8 - -4549. Suppose 2*c + 4*n - 9126 = 0, 3*n + x = c - n. Is c prime?
True
Suppose -48731329 = -32*d - 531*d + 85206934. Is d composite?
False
Let j(p) = 19*p**2 - 55*p + 151. Let b = -504 + 534. Is j(b) prime?
True
Suppose 12*n = 70*n - 281938. Is n prime?
True
Suppose -3*n - 4*g + 14032 = 0, -g + 9354 = 2*n + g. Let z = n + 89. Is z a prime number?
False
Let u(z) = 26*z**2 + 8*z + 33*z**2 + 13*z + 8 + 12. Let r be u(-12). Suppose g = -g, -4*n = 2*g - r. Is n composite?
True
Let o = 357298 - 198779. Is o prime?
True
Let l be (-62429)/(2/(-15) - (-13)/(-15)). Let r = -33198 + l. Is r prime?
True
Let a be -61 + 6/3*(-1)/(-2). Let l be ((-6)/(-5))/(-2 + (-118)/a). Is ((-2162)/(-3))/(l/(-54)) prime?
False
Suppose -114*t - 4040521 = -17501755. Is t a composite number?
False
Let x(j) = 706*j**2 - 10*j + 155. Is x(11) a composite number?
True
Let q(h) = -3*h**3 - 98*h**2 - 2686*h - 7. Is q(-30) a composite number?
True
Let m = 1425 + -728. Suppose l - 5*t = 299, -5*t - 499 - m = -4*l. Is l composite?
True
Suppose -5*r = -2*g - 964, 5*g - 5*r + 7*r = -2468. Let b = 511 - g. Is b a composite number?
True
Let h = -154 + 336. Let l = -180 + 387. Let m = h + l. Is m a prime number?
True
Suppose -469881 - 80307 - 31410 = -18*i. Is i composite?
True
Suppose -3*p - 16*p = -209. Suppose -2*y + 8*d = p*d - 82898, -3*d + 207227 = 5*y. Is y composite?
False
Suppose 4*d + 1097950 - 3462798 = -12*d. Is d composite?
True
Suppose -10*h - 474*d + 15066728 = -472*d, -4 = 4*d. Is h composite?
True
Suppose 5*q = 49 - 109. Let z(n) = -n**3 + 12*n**2 + n + 13. Is z(q) a composite number?
False
Let r = -371 + 2037. Let s = r + -795. Is s composite?
True
Let n(p) be the second derivative of 1/3*p**4 + p**3 - 9/10*p**5 + 2*p + 7/2*p**2 + 0. Is n(-3) a prime number?
False
Let h(w) be the first derivative of -16 + 3/2*w**2 + 58*w. Is h(0) a prime number?
False
Let j = -27 + 35. Suppose j*p = 7 + 9. Suppose 2*i = -p*i - 2*k + 5354, -4014 = -3*i - k. Is i a composite number?
True
Let t be 12/(-21)*7/(-2) + 1. Let b(k) = 140 - 144 - 6*k - k**t - k**2 - k. Is b(-5) composite?
False
Let f = -114 + 119. Suppose 0 = 2*z - 4*t + 7*t - 991, f*t = -4*z + 1981. Suppose q = -n + 4*q + z, -5 = -5*q. Is n composite?
True
Let d be 4/2 - (-1)/1. Suppose -d*a - 2973 = -5*a - 3*i, 3*a = -i + 4449. Suppose w - a = -5*w. Is w a composite number?
True
Suppose -325765 = -12*i + 65927. Is i prime?
False
Let d be 3/72*4*6. Let v(r) = 1373*r + 6. Is v(d) prime?
False
Let o(j) = 25*j**2 - 49*j + 1255. Is o(-44) a composite number?
True
Let h = 33392 + -16395. Is h a composite number?
True
Let k be 81/18 + 6 - (-6)/(-4). Suppose 55400 - 8537 = k*o. Is o a composite number?
True
Let d be 0 - ((2 - 0) + -9). Suppose d*c + c - 3048 = 0. Is c prime?
False
Let c be (16/(-3) + 2)*12/8. Let y(z) = 38*z**2 - 7*z - 2. Let h be y(c). Suppose 3*v - 274 - h = 0. Is v prime?
True
Suppose 217*x = 214*x + 9. Suppose 0 = 4*d + 2*j - 11994, -x*d + 8998 = -9*j + 8*j. Is d a composite number?
False
Is ((275/(-60))/(-5) + (-2)/(-24))*355261 composite?
False
Is 53078/4*3/(21/14) a prime number?
True
Let j = -75 - -34. Let r = j - -43. Is (-402)/(-12) - (-1 + r/(-4)) prime?
False
Let b(w) = w + 4. Let x be b(-1). Let p(c) = 40*c**3 - 3 + 7*c - 3*c - c - x*c**2. Is p(4) a composite number?
False
Let a = 182827 - 128846. Is a composite?
True
Suppose -2*d + 33 - 35 = 0. Let j(m) = -2*m**2 - 3*m - 1. Let k be j(d). Suppose 5*g - 3*g - 830 = k. Is g prime?
False
Is (6 + 2136/(-9))/(3*(-2)/2763) prime?
False
Let y = -15382 + 10024. Is y/(-16) + (-30)/(-240) composite?
True
Let r(w) = 17*w**2 - 14*w + 22. Let g(m) = -34*m**2 + 29*m - 43. Let p(f) = 2*g(f) + 5*r(f). Is p(11) a composite number?
False
Is 2 + 1 - -1 - (-37021 - 24) prime?
True
Let h(c) = 24826*c - 15033. Is h(76) prime?
True
Suppose 0*w + 24*w = 288. Suppose -3*h = 14*p - w*p - 7943, -2636 = -h - 3*p. Is h prime?
False
Suppose 0 = j + p - 2*p, 3*j = p + 10. Let x be -8*(-168)/(j - 2). Suppose 3*h = 3565 - x. Is h prime?
True
Let a(k) = 4*k + 3. Let p(n) = n + 1. Let h(i) = -2*a(i) + 7*p(i). Let u(c) = 362*c - 4. Let o(t) = 5*h(t) - u(t). Is o(-4) a composite number?
True
Let j = 1909 + -3679. Let q = -491 + 2998. Let i = q + j. Is i prime?
False
Let f(c) = -85*c**3 - 2*c**2 + 8*c + 6. Let t = 24 + -27. Let a be f(t). Suppose -2*y = -11*y + a. Is y a composite number?
False
Let u be ((-1)/((-7)/10))/(22/154). Let w be (45/30)/((-3)/u). Let n(q) = -36*q + 11. Is n(w) a composite number?
False
Let a(u) = -7*u - 2. Let m(s) = s + 3. Let n be m(4). Suppose -4 = n*v - 6*v. Is a(v) a composite number?
True
Let d = 64439 + -5902. Is d a composite number?
False
Suppose -20 + 8 = -3*u. Suppose -7*l = -u*l - 3021. Is l prime?
False
Let p be (-9)/((-270)/20)*15/2. Is 15*(-3)/(-9)*853/p prime?
True
Let c(g) = 32*g**3 + 14*g**2 + 9*g - 2. Let v be 5*1*(-208)/(-130). Let i(p) = 21*p**3 + 9*p**2 + 6*p - 1. Let k(d) = v*i(d) - 5*c(d). Is k(5) a prime number?
False
Let w = 101205 - 59342. Is w prime?
True
Suppose 5*q = 9*q. Let x be (-2)/(-1 + q - 6/(-8)). Suppose -t - 378 = 7*w - x*w, 0 = 5*w + 4*t - 1917. Is w a prime number?
False
Suppose -4*t - 234 = -10*t. Suppose -t*y = -6*y - 370887. Is y a composite number?
False
Suppose -6*o = 1439 + 361. Let v = -221 - o. Is v prime?
True
Let x be (3 - (2 - -2))/((-1)/32506). Suppose 8*a = 6*a + x. Is a composite?
False
Suppose -163*d - 191001 + 60154479 = -7893911. Is d a prime number?
False
Suppose 2*b + 4*r + 2 = 0, r - 8 = 5*b - 14. Suppose b = 15*v - 1184. Is v a composite number?
False
Suppose -205*q = -200*q - f - 2263357, -3*f = 2*q - 905336. Is q a prime number?
True
Let g(o) = 3 + 6 + 11 - 2 + 131*o. Let q(s) = 130*s + 17. Let r(u) = -4*g(u) + 5*q(u). Is r(4) composite?
True
Let l = 133488 + -65591. Is